 13. Let s(m) = -5*o(m) + 3*u(m). What is s(4)?
-17
Let m(n) be the third derivative of n**5/60 + n**3/6 - 26*n**2. Let k be (-51)/(-12) - 7/28. Determine m(k).
17
Let y(j) = -j**2 + 10*j + 13. Let q = 1684 + -1672. Calculate y(q).
-11
Let j(l) = -5*l + 1. Let z(w) = -11*w - 15. Let b(v) = -2*j(v) + z(v). Give b(-5).
-12
Let y(s) = -332989 - 5*s**2 - s**3 + 332989 + 6*s. Let w(b) = b**3 - b. Let p be w(3). Let l be (6/(-8))/(3/p). What is y(l)?
0
Let q(j) be the second derivative of -j**4/12 - 2*j**3/3 + 10*j**2 + 4*j + 35. Give q(-7).
-1
Let g(i) be the first derivative of i**3 + i**2 + i - 1. Let y(h) = h**2 - 10. Let c = 25 - 22. Let p be y(c). Give g(p).
2
Suppose r = 4*r - 27. Let x(n) = n**3 - 9*n**2 - n + 11. Let w be x(r). Let c(l) = 0*l + w*l + l**2 - l + 2*l + 3. Give c(-2).
1
Let k(d) = -6*d + 1. Let r be ((-6)/(-15))/((-4)/20) + 35. Let j = -32 + r. Calculate k(j).
-5
Let g(d) = 6*d + 15*d + 12*d - 28*d - 3 - 2*d**3. Give g(3).
-42
Suppose 5*s + 2*o - 55 = 0, -9*s + 5*o + 11 = -5*s. Let j(k) = k**3 - 9*k**2 - k - 1. Determine j(s).
-10
Let d(t) be the third derivative of -t**4/6 + t**3/3 - 17*t**2 - 55*t. Let j(v) = -2*v + 9. Let c be j(6). What is d(c)?
14
Let b(w) = w**3 - 6*w**2 - 2*w + 4. Suppose -6 = -3*h - 3*s, 5*h - 13 = -0*s - 2*s. Suppose h*p - 7 = 2*p. Let t = 13 - p. What is b(t)?
-8
Let p(g) = g**3 - 16*g**2 + 14*g + 20. Let l(y) = -4*y + 3. Let z be l(-3). Let r be p(z). Let h(c) = -r - 18*c - 2*c**2 + c**2 + 12*c. Determine h(-5).
0
Let z(s) be the second derivative of -1/2*s**3 + 0 - s**2 + 19*s - 1/12*s**4. Determine z(-4).
-6
Let j be -1*10*(15/(-10))/3. Let s be 8/((4 - 1) + -1). Let d(y) = 5*y**3 - j*y**3 + y**3 - y - s - 2*y - 2*y**2. Determine d(3).
-4
Let h(i) = 0*i**2 - 5*i - 10 + 0*i + i**3 - 6*i**2. Let v(b) = -b**2 - 12*b + 812. Let m be v(23). Determine h(m).
4
Let k(t) = t**2 + 3*t - 7. Let b(x) = -2*x**2 - 8*x + 14. Let d(y) = 4*b(y) + 9*k(y). Calculate d(6).
-1
Let z = -698 - -705. Let i(c) be the third derivative of 0*c + 0 - 11/6*c**3 + 2*c**2 + 1/24*c**4. Determine i(z).
-4
Let w(y) = y + 9*y + 1 - y**2 - 10*y + 4*y. Calculate w(2).
5
Suppose 3*n = 52 + 2. Let c be n + -15 + -1*11. Let j(b) = b**2 + 9*b + 3. Give j(c).
-5
Let t(i) = -5*i + 1. Suppose -4*o = -0*o + 4*l - 24, -2*o + 16 = 4*l. Suppose -o*h + 30 = 6*h. Calculate t(h).
-14
Suppose -3*i + 6 + 9 = 2*g, 4*i = 5*g + 20. Let o(b) be the third derivative of -1/60*b**i + 0*b + 0*b**3 + 0 + 4*b**2 + 5/24*b**4. Determine o(3).
6
Let d be (-7 - -11) + -9 - 6. Let u(x) = -3*x - 11. Give u(d).
22
Let b(t) be the first derivative of -4 - 1/60*t**5 + 1/24*t**4 + 0*t**2 - 1/3*t**3 + 0*t - 1/360*t**6. Let v(d) be the third derivative of b(d). What is v(2)?
-7
Let z(r) = 8*r + 2*r - 22*r - 4*r**2 + 3*r**2. Let u(h) = h**2 + 13*h - 1. Let o(a) = 4*u(a) + 5*z(a). Give o(-7).
3
Suppose 9 = -x - o, 6*x + 4 = 4*x + 5*o. Let i(c) = c + 4. Give i(x).
-3
Suppose -2*c - 34 + 14 = 0. Let h = 3 + c. Let z = 6 + h. Let k(y) = -y**3 + y. What is k(z)?
0
Suppose 3*d + 80 = 47. Let f(w) = w + 11. Determine f(d).
0
Let k = -5 - -9. Let d(w) = 5*w**2. Let t(v) = -11*v**2 - v. Let p(m) = -m**3 + 2*m**2 + 5*m + 3. Let n be p(4). Let s(u) = n*d(u) - 4*t(u). Determine s(k).
0
Suppose -9*y + 2*v - 4 = -12*y, -v = -2. Let k(n) be the third derivative of n**6/120 + n**5/60 + 8*n**3/3 + 2*n**2. Determine k(y).
16
Let g(u) = u**2 - 14*u + 14. Let f be 1/6*(-468)/(-6). Determine g(f).
1
Let x(y) = 22*y**3 - y - 1. Suppose -5*q + 3*m = 14, 3*q - 3 = -2*m - 0. Calculate x(q).
-22
Let z be (-4)/(-6) + (-3799)/393. Let w(j) = -2*j**2 - 16*j + 11. What is w(z)?
-7
Let x(g) = -2*g - 8. Let b be ((-2)/(-4))/((-4)/(-48)). Calculate x(b).
-20
Let d = 44 - 37. Let c(j) = -j - 28 + 36 - 6*j**2 - 8*j**3 + 16*j**2 + d*j**3. Give c(10).
-2
Let j be 25/15 - (-52)/12. Suppose -3*c = -4*b - 0*b + 13, -c - j = -3*b. Let p(x) = 7*x - 1. Determine p(b).
6
Let h(i) = -i**2 + i - 1. Let t(a) = a**2 - 7*a + 9. Let f(r) = 2*h(r) + t(r). Let j be 5*1/(30/(-36)). Give f(j).
1
Let l(y) = y**2 - y. Suppose 0 = -7*m - 6*m + 12*m. Determine l(m).
0
Suppose -q - y = 2*q - 10, q = -2*y + 5. Let k be (14/3)/(2/3). Suppose -t = q*m - 6*m - k, -2*t - 22 = 3*m. Let a(v) = -3*v - 6. Give a(t).
9
Let y(p) be the second derivative of p**5/20 - p**4/3 - p**3/2 - p**2/2 + 4*p. Let b be (-22)/(-2) - (0 - -1). Suppose -b = -4*w + 2*w. Determine y(w).
9
Let j(z) = z**3 - 50*z**2 + 47*z + 100. Let r be j(49). Let v(c) be the first derivative of c**3 - c**2/2 - 2*c - 1. Give v(r).
8
Let c(n) = 5*n - 10. Let h(u) = 4*u - 9. Suppose 0 = -2*b - 2*g + 4*g - 10, b + 11 = -5*g. Let q(l) = b*h(l) + 5*c(l). Determine q(0).
4
Let i be (-5)/4 - (-5)/(120/(-66)). Let v(y) = y**2 + 6*y + 5. What is v(i)?
-3
Let f be (5 - (5 - 1))*(-2 - -10). Let p(v) = -4*v - 4. Let u(x) = -9*x - 9. Let l(n) = 7*p(n) - 3*u(n). Give l(f).
-9
Let y(x) = x - 1 - 2 - 2*x + 0*x. Suppose -4*u = -2*w - 12, 13*u - 11*u = 5*w - 10. Give y(u).
-8
Suppose -2*g - 3*c = 13 + 23, 5*g = -4*c - 76. Let z(n) = 4*n + 20. Calculate z(g).
-28
Let c = -1845 - -1851. Let u(b) = -b**3 + 5*b**2 + 8*b. Calculate u(c).
12
Let p(s) = 2*s + 30. Let v be (-10*(-12)/(-42))/(6/21). What is p(v)?
10
Let n(m) = m + 1. Suppose -s + 11 = 13. Let v(g) = -g**2 + g + 4. Let p be v(s). Let u(h) = -2*h - 1. Let d(r) = p*u(r) - 3*n(r). Determine d(5).
4
Suppose -4*j = 3*c - 4, -2*j + 3*c = -2*c - 2. Let g be j/2 - 5/(-2). Let d(k) be the first derivative of -k**4/4 + 5*k**3/3 - 2*k**2 + 4*k + 175. What is d(g)?
10
Let v(w) = 1 + 150687*w - 150687*w - 19*w**2. What is v(1)?
-18
Let q(x) = 2*x - 4. Let z be 2*1 - (6 + -5). Let c(f) = 4 - 2 - z - 2. Let d(h) = 6*c(h) - q(h). Calculate d(4).
-10
Let l(x) be the first derivative of -x**3/3 + 11*x**2/2 - 13*x + 309. What is l(10)?
-3
Suppose 3*j - 6 = 6*j. Suppose 0 = -3*n + 7*n + 16, 5*t - 26 = 4*n. Let i(z) = 3*z - 2*z**2 + 0*z**2 + 5*z**t + z**2. Determine i(j).
10
Let o(b) = 5 - 7 - 1 + 7 + b - 3. Calculate o(0).
1
Let m(a) = -3 - 6*a**2 - 11*a + 6*a**2 + a**2. Determine m(5).
-33
Let n(v) = -v**3 + 2*v**2 + 3*v - 2. Let d(z) be the second derivative of 0 - 2*z + 1/3*z**4 - 1/2*z**2 + 1/3*z**3 + 1/20*z**5. Let s be d(-2). Give n(s).
-2
Let p(f) = f**3 + 2*f**2 - 2*f - 4. Let y = -17 + 21. Suppose -2*j = -y*s + 10, 2 - 6 = 2*j + 2*s. Determine p(j).
-7
Let a(v) be the first derivative of v**4/4 - 5*v**3/3 + v**2/2 + 2*v - 106. Calculate a(5).
7
Let q be 63/6*(-2)/(-3). Let x(o) = -15 - 77*o**2 + 0 + 76*o**2 + 9*o. Let p be x(q). Let f(v) = -4*v**3 - 1. What is f(p)?
3
Let x(m) be the second derivative of -2*m**3/3 - m**2/2 - 105*m. What is x(2)?
-9
Let n(d) = 7*d**3 - 4*d + 5. Let y(p) = p**3 - p**2 - p. Let c(x) = -n(x) + 6*y(x). Let j be c(-6). Let u(h) = -h**2 + 7*h. Give u(j).
0
Let w(i) be the third derivative of i**4/12 + i**3/3 + 28*i**2. Let a(c) = -3*c - 3. Let r(l) = -3*a(l) - 4*w(l). Calculate r(4).
5
Suppose -4*n = -10*i + 15*i - 53, 0 = 5*n + 15. Let z(w) = w**3 - 14*w**2 + 15*w - 27. Calculate z(i).
-1
Let q be (-7)/14 + (-13)/2. Let w(z) = 2*z**2 + 0*z + 7 - z**2 + 2 + 8*z. Determine w(q).
2
Let m be (3 - 7)/(2 + -1). Let u(a) = a - 2450 + 0*a + 2455. Determine u(m).
1
Let w = 46 - 30. Let p(h) = 13 - w - 1 - 5*h. Give p(-3).
11
Let d = -244 + 250. Let x(y) = y**2 - 6*y - 2. What is x(d)?
-2
Suppose -3*d - 4*n = -2*n - 10, 4*d - 20 = -n. Suppose -d*k = -2*k + 24. Let o(a) = a**2 + 7*a + 1. Determine o(k).
-5
Let s(j) = -5*j**3 - j**2 + 3*j - 1. Let i(c) = -4*c**3 - 2*c**2 + 3*c - 1. Let l(z) = -6*i(z) + 5*s(z). Calculate l(7).
-20
Let d(v) = -4*v + 7. Let l(j) = 2*j + 4. Let g(y) = d(y) - 2*l(y). Calculate g(-1).
7
Let n = 7 + 1. Suppose 6*q - n = 2*q. Let m(p) = p - 2. Calculate m(q).
0
Let i(l) = 911 + 2*l - 1831 + 908. What is i(6)?
0
Suppose p - 16*l - 4 = -5*l, -4*p - l = -16. Let v(d) be the second derivative of d**5/20 - d**4/3 - d**3/2 + 5*d**2/2 - 2*d. Calculate v(p).
-7
Let o(p) = 3*p - 1. Let y(r) = 7*r - 2. Let c(n) = 2*o(n) - y(n). Let h be 3 - (1 - (0 - -1)). Suppose 2*k - 4 = -2*k - 5*a, -3*a = h*k - 3. What is c(k)?
-1
Let i(l) = l - 10. Let q be i(8). Let n be (-78)/15 - q/10. Let h(w) be the first derivative of w**2 + w - 21. Give h(n).
-9
Let g(t) = t**2 - 4*t + 7. Let j = 79 - 74. What is g(j)?
12
Suppose y 